 is -3975a7 - -2?
-3975a5
In base 6, what is -113502 + 5354?
-104104
In base 8, what is 17 + -11037?
-11020
In base 7, what is 10 - 1100502454?
-1100502444
In base 3, what is -12 + 12001011122222?
12001011122210
In base 16, what is 23c03 - -21?
23c24
In base 4, what is 133303 + 311310?
1111213
In base 10, what is -972361 - -15?
-972346
In base 9, what is 2768 + -210522?
-206643
In base 5, what is -344 + -1240313420?
-1240314314
In base 13, what is -785917 + 2a?
-7858ba
In base 10, what is 1 - 36051543?
-36051542
In base 16, what is -f9c7 - 11e?
-fae5
In base 13, what is -b003 - -72b?
-a5a5
In base 4, what is -1 + 13203221210?
13203221203
In base 12, what is -4 + 2005544?
2005540
In base 4, what is -1 + -131103201331?
-131103201332
In base 12, what is -a1 + 2226a?
22189
In base 12, what is -1a117 - 705?
-1a820
In base 7, what is 2363426 + -30?
2363366
In base 14, what is -6d + -c461?
-c4d0
In base 8, what is -5 - 22730763?
-22730770
In base 15, what is -bae64bb - 0?
-bae64bb
In base 5, what is -11 + -2322113222?
-2322113233
In base 14, what is 36ad5d - -2?
36ad61
In base 9, what is 4 + 811746?
811751
In base 15, what is -1 - 15eec4dc?
-15eec4dd
In base 10, what is 2 + -372142?
-372140
In base 14, what is 4 + -24ac49?
-24ac45
In base 14, what is 10 - 13d3770?
-13d3760
In base 3, what is 1 + -10122100121121022?
-10122100121121021
In base 13, what is -19 + 8598c?
85973
In base 12, what is -4 + -1907605?
-1907609
In base 7, what is 13546 + -10201?
3345
In base 15, what is -4 - 11e6b5c?
-11e6b61
In base 11, what is -4633 + -5742?
-a275
In base 4, what is 101222313 - 2012?
101220301
In base 5, what is 3 + -3340414202?
-3340414144
In base 12, what is -227a4 + 87?
-22719
In base 3, what is -10202 + 11101210010011?
11101202222102
In base 12, what is -576b6a - 97?
-577045
In base 13, what is 950 - 2409?
-1789
In base 4, what is -2 + 100211032?
100211030
In base 3, what is 1002221012 - 1011020021?
-1022002
In base 5, what is -332431 - 2200?
-340131
In base 12, what is -5612 - -1115?
-44b9
In base 15, what is a5 + -10edb?
-10e36
In base 15, what is -5 - 476e096?
-476e09b
In base 9, what is 122758 + -22?
122736
In base 4, what is -1102123330 + -23?
-1102130013
In base 2, what is 100111 - -10001111110001000011?
10001111110001101010
In base 6, what is 10312145 + -1450?
10310255
In base 12, what is 93b363 + 65?
93b408
In base 16, what is 3 - -6f4faf0?
6f4faf3
In base 7, what is 0 + 23203401?
23203401
In base 10, what is 1 + -739996?
-739995
In base 9, what is -7534468 + -15?
-7534484
In base 2, what is 10100111110010101010110010 - -10?
10100111110010101010110100
In base 5, what is 104321 + -223220?
-113344
In base 7, what is 1435555 - -55?
1435643
In base 12, what is 8 - 414486?
-41447a
In base 10, what is 4 + 255432431?
255432435
In base 2, what is -101 - -1110010100100101101101000001?
1110010100100101101100111100
In base 15, what is -b4a4 - -187?
-b31c
In base 15, what is -273 + -166e?
-18e2
In base 8, what is 54574 + 34025?
110621
In base 5, what is 1303112030230 + -4?
1303112030221
In base 10, what is -20831490 + -6?
-20831496
In base 2, what is 11011 - 10001100010011011100011?
-10001100010011011001000
In base 16, what is -bb4de + -5?
-bb4e3
In base 4, what is 223010000 + -33?
223003301
In base 4, what is -11323130231320 + 1?
-11323130231313
In base 16, what is 189042b2 - -4?
189042b6
In base 9, what is -1 - -12807115?
12807114
In base 15, what is -13d6b0 + 4?
-13d6ab
In base 5, what is -20300204 - 340?
-20301044
In base 9, what is -18 + 1207577?
1207558
In base 12, what is -30482690 - -1?
-3048268b
In base 12, what is -2800a + 4a5?
-27725
In base 14, what is 9cab0 + -b8?
9c9d6
In base 6, what is 4113114 - 11?
4113103
In base 6, what is -342411323 + -10?
-342411333
In base 12, what is -4a + 104546?
1044b8
In base 14, what is -377 + -63b0b?
-64084
In base 16, what is -b + -9f4b9?
-9f4c4
In base 5, what is 1103302 - -2432414?
4041221
In base 16, what is -1e16f5b - 3?
-1e16f5e
In base 2, what is -101010 - -10001010110011101100111?
10001010110011100111101
In base 4, what is -1312202 + -2233332?
-10212200
In base 15, what is -1cd - 839a?
-8578
In base 11, what is 49a80 - -1a?
49a9a
In base 3, what is -20002212 + 1101012?
-11201200
In base 4, what is 113231330 - -3223?
113301213
In base 7, what is -521144 - 333?
-521510
In base 4, what is -120 - -1312000111?
1311333331
In base 6, what is 11021023 - 20?
11021003
In base 7, what is 503403551 - 5?
503403543
In base 4, what is 303 + -11110000020?
-11103333111
In base 15, what is -595 - -3b40?
359a
In base 11, what is 12 - 51709a?
-517088
In base 4, what is -1201201 + 20221?
-1120320
In base 16, what is -116e59 + 32?
-116e27
In base 13, what is 24a64068 + 2?
24a6406a
In base 14, what is 99dcd - -67?
9a056
In base 4, what is -1123 - 1333322?
-2001111
In base 13, what is -22c8bba + 11?
-22c8ba9
In base 3, what is -1001211200112 + 12121?
-1001211110221
In base 11, what is -26 + 563a92?
563a67
In base 7, what is 26025 + 11403?
40431
In base 12, what is -3ba - 1945?
-2143
In base 2, what is 101 + -111011110100111100111001100?
-111011110100111100111000111
In base 5, what is -1421413323134 - -1?
-1421413323133
In base 16, what is 4c5fc + 1?
4c5fd
In base 6, what is 3 + 541211232?
541211235
In base 2, what is 100011101001 + 10010011011101?
10110111000110
In base 14, what is -3 + a62608b?
a626088
In base 13, what is 40 + -5a4a6?
-5a466
In base 3, what is -211201210200010 - 12?
-211201210200022
In base 10, what is -3 - 522442?
-522445
In base 15, what is 289c8c - 135?
289b57
In base 6, what is 1030340043 - -2?
1030340045
In base 3, what is -202011201220 + -212100?
-202012121020
In base 6, what is 100411 - -11331?
112142
In base 4, what is -3 - 2132132332023?
-2132132332032
In base 8, what is -70460 + 3425?
-65033
In base 14, what is -7 - 46876a6?
-46876ad
In base 7, what is -165 + 6123050?
6122552
In base 10, what is 2 - -349665?
349667
In base 9, what is 4116400 - -3?
4116403
In base 6, what is 25 - 405423545?
-405423520
In base 8, what is 17140241 + -13?
17140226
In base 8, what is 264206 - -50?
264256
In base 12, what is -2a0 + -2963?
-3043
In base 14, what is d1a + 4a127?
4b043
In base 3, what is 11012121011211 - -100?
11012121012011
In base 13, what is -118498 - -28?
-118470
In base 2, what is -110001110011 + -100001000110?
-1010010111001
In base 16, what is 1 + 4f81cbc?
4f81cbd
In base 3, what is 2210 - 1121220000001?
-1121212220021
In base 2, what is -1010100 - 101111011101010011?
-101111011110100111
In base 8, what is 116172135 + -57?
116172056
In base 11, what is 40a25137 + -5?
40a25132
In base 15, what is c0de1a + 2?
c0de1c
In base 10, what is 409253 + 8?
409261
In base 13, what is -684029 - -146?
-683bb3
In base 8, what is 0 + 1441541716?
1441541716
In base 8, what is -411433 + -12?
-411445
In base 11, what is 95 - -65472a?
654814
In base 4, what is 332113 + -101320322?
-100322203
In base 4, what is -10010213 - 300333?
-10311212
In base 16, what is -6617da - -5?
-6617d5
In base 10, what is -10316 - 160?
-10476
In base 7, what is -50211366 - 3?
-50211402
In base 4, what is 1021 - -322302022?
322303103
In base 2, what is 100011101101110000 - -110100010100?
100100100010000100
In base 2, what is 100010101111111110010111 - 1000?
100010101111111110001111
In base 4, what is -22 - -123010111002?
123010110320
In base 6, what is 1304 - -4211401?
4213105
In base 3, what is 10122002120 - 1002210?
10120222210
In base 11, what is 7732 + 31?
7763
In base 6, what is -134 + -54241102?
-54241240
In base 6, what is 25 + 12100210?
12100235
In base 2, what is 100011 + -11000101110010?
-11000101001111
In base 10, what is 22 - -324434?
324456
In base 5, what is -223223220 + -10?
-223223230
In base 9, what is 51315 - -236?
51552
In base 11, what is -14363 - 169?
-14521
In base 10, what is 7 - 124840?
-124833
In base 4, what is 13301 + -102331?
-23030
In base 7, what is -12 - 63303362?
-63303404
In base 10, what is -7 - 48951?
-48958
In base 16, what is 5 + -da84a4d?
-da84a48
In base 11, what is 27159038 + 0?
27159038
In base 15, what is 8 + 302940?
302948
In base 6, what is 10322 - 14245?
-3523
In base 14, what is -1 + 23ac91?
23ac90
In base 5, what is 30120103 + 123?
30120231
In base 7, what is 156 + 445553?
446042
In base 8, what is